{"id":12,"date":"2023-01-14T10:05:32","date_gmt":"2023-01-14T09:05:32","guid":{"rendered":"http:\/\/plmedia.pl\/?page_id=12"},"modified":"2023-01-14T12:45:04","modified_gmt":"2023-01-14T11:45:04","slug":"firma","status":"publish","type":"page","link":"http:\/\/plmedia.pl\/index.php\/firma\/","title":{"rendered":"O NAS"},"content":{"rendered":"\n<p class=\"has-very-light-gray-to-cyan-bluish-gray-gradient-background has-text-color has-background\" style=\"color:#0b0b0b\">Positive Look Media to rozwini\u0119cie firmy 8 1\/2 media dzia\u0142aj\u0105cej od 1999 roku w Wieliczce. PLmedia zajmuje si\u0119 produkcj\u0105 filmow\u0105, prowadzi szko\u0142\u0119 filmow\u0105 AMA Film Academy w Krakowie i w Warszawie od 2010 roku.<\/p>\n\n\n\n<p class=\"has-very-light-gray-to-cyan-bluish-gray-gradient-background has-text-color has-background\" style=\"color:#0b0b0b\">Za\u0142o\u017cycielem firmy jest operator filmowy i producent Piotr Lenar.<\/p>\n","protected":false},"excerpt":{"rendered":"<p>Positive Look Media to rozwini\u0119cie firmy 8 1\/2 media dzia\u0142aj\u0105cej od 1999 roku w Wieliczce. PLmedia zajmuje si\u0119 produkcj\u0105 filmow\u0105, [&hellip;]<\/p>\n","protected":false},"author":1,"featured_media":0,"parent":0,"menu_order":0,"comment_status":"closed","ping_status":"closed","template":"","meta":{"footnotes":""},"class_list":["post-12","page","type-page","status-publish","hentry"],"_links":{"self":[{"href":"http:\/\/plmedia.pl\/index.php\/wp-json\/wp\/v2\/pages\/12","targetHints":{"allow":["GET"]}}],"collection":[{"href":"http:\/\/plmedia.pl\/index.php\/wp-json\/wp\/v2\/pages"}],"about":[{"href":"http:\/\/plmedia.pl\/index.php\/wp-json\/wp\/v2\/types\/page"}],"author":[{"embeddable":true,"href":"http:\/\/plmedia.pl\/index.php\/wp-json\/wp\/v2\/users\/1"}],"replies":[{"embeddable":true,"href":"http:\/\/plmedia.pl\/index.php\/wp-json\/wp\/v2\/comments?post=12"}],"version-history":[{"count":4,"href":"http:\/\/plmedia.pl\/index.php\/wp-json\/wp\/v2\/pages\/12\/revisions"}],"predecessor-version":[{"id":114,"href":"http:\/\/plmedia.pl\/index.php\/wp-json\/wp\/v2\/pages\/12\/revisions\/114"}],"wp:attachment":[{"href":"http:\/\/plmedia.pl\/index.php\/wp-json\/wp\/v2\/media?parent=12"}],"curies":[{"name":"wp","href":"https:\/\/api.w.org\/{rel}","templated":true}]}}